{"id":17683,"date":"2024-04-18T15:29:35","date_gmt":"2024-04-18T13:29:35","guid":{"rendered":"https:\/\/www.joanneum.at\/digital\/?page_id=17683"},"modified":"2024-04-29T10:42:36","modified_gmt":"2024-04-29T08:42:36","slug":"ki-basierte-wertstoffanalytik","status":"publish","type":"page","link":"https:\/\/www.joanneum.at\/digital\/ki-basierte-wertstoffanalytik\/","title":{"rendered":"KI-basierte Wertstoffanalytik f\u00fcr die Kreislaufwirtschaft"},"content":{"rendered":"\t\t<div data-elementor-type=\"wp-page\" data-elementor-id=\"17683\" class=\"elementor elementor-17683\" data-elementor-post-type=\"page\">\n\t\t\t\t<div class=\"elementor-element elementor-element-4f30559a li-no-print  e-flex e-con-boxed e-con e-parent\" data-id=\"4f30559a\" data-element_type=\"container\" data-e-type=\"container\">\n\t\t\t\t\t<div class=\"e-con-inner\">\n\t\t\t\t<div class=\"elementor-element elementor-element-1546e7b6 idl-flag  elementor-widget elementor-widget-heading\" data-id=\"1546e7b6\" data-element_type=\"widget\" data-e-type=\"widget\" data-widget_type=\"heading.default\">\n\t\t\t\t<div class=\"elementor-widget-container\">\n\t\t\t\t\t<div class=\"elementor-heading-title elementor-size-default\"><a href=\"https:\/\/www.joanneum.at\/digital\">DIGITAL<\/a><\/div>\t\t\t\t<\/div>\n\t\t\t\t<\/div>\n\t\t\t\t\t<\/div>\n\t\t\t\t<\/div>\n\t\t<div class=\"elementor-element elementor-element-fe89850 idl-ec-wr project-header--print e-flex e-con-boxed e-con e-parent\" data-id=\"fe89850\" data-element_type=\"container\" data-e-type=\"container\">\n\t\t\t\t\t<div class=\"e-con-inner\">\n\t\t<div class=\"elementor-element elementor-element-1e09c87c e-con-full e-flex e-con e-child\" data-id=\"1e09c87c\" data-element_type=\"container\" data-e-type=\"container\">\n\t\t<div class=\"elementor-element elementor-element-54ee7ada e-con-full e-flex e-con e-child\" data-id=\"54ee7ada\" data-element_type=\"container\" data-e-type=\"container\">\n\t\t<div class=\"elementor-element elementor-element-850412 e-con-full e-flex e-con e-child\" data-id=\"850412\" data-element_type=\"container\" data-e-type=\"container\">\n\t\t<div class=\"elementor-element elementor-element-2c938fda e-con-full e-flex e-con e-child\" data-id=\"2c938fda\" data-element_type=\"container\" data-e-type=\"container\">\n\t\t\t\t<div class=\"elementor-element elementor-element-4614fa1b idl-mobil-titel li-project-introduction-title elementor-widget elementor-widget-heading\" data-id=\"4614fa1b\" data-element_type=\"widget\" data-e-type=\"widget\" data-widget_type=\"heading.default\">\n\t\t\t\t<div class=\"elementor-widget-container\">\n\t\t\t\t\t<h1 class=\"elementor-heading-title elementor-size-default\">KI-basierte Wertstoffanalytik f\u00fcr die Kreislaufwirtschaft<\/h1>\t\t\t\t<\/div>\n\t\t\t\t<\/div>\n\t\t\t\t<\/div>\n\t\t\t\t<\/div>\n\t\t\t\t<div class=\"elementor-element elementor-element-273f7fc elementor-widget elementor-widget-heading\" data-id=\"273f7fc\" data-element_type=\"widget\" data-e-type=\"widget\" data-widget_type=\"heading.default\">\n\t\t\t\t<div class=\"elementor-widget-container\">\n\t\t\t\t\t<div class=\"elementor-heading-title elementor-size-default\">Hochqualitative Rohstoffe f\u00fcr die nachhaltige Produktion mittels Hyperspektralsensorik und maschinellem Lernen.<\/div>\t\t\t\t<\/div>\n\t\t\t\t<\/div>\n\t\t\t\t<\/div>\n\t\t\t\t<\/div>\n\t\t\t\t\t<\/div>\n\t\t\t\t<\/div>\n\t\t<div class=\"elementor-element elementor-element-11c8f52c idl-no-padd project-image--print e-flex e-con-boxed e-con e-parent\" data-id=\"11c8f52c\" data-element_type=\"container\" data-e-type=\"container\">\n\t\t\t\t\t<div class=\"e-con-inner\">\n\t\t<div class=\"elementor-element elementor-element-549e0f1f e-con-full e-flex e-con e-child\" data-id=\"549e0f1f\" data-element_type=\"container\" data-e-type=\"container\">\n\t\t\t\t<div class=\"elementor-element elementor-element-256918b3 elementor-widget elementor-widget-image\" data-id=\"256918b3\" data-element_type=\"widget\" data-e-type=\"widget\" data-widget_type=\"image.default\">\n\t\t\t\t<div class=\"elementor-widget-container\">\n\t\t\t\t\t\t\t\t\t\t\t\t\t\t\t<img fetchpriority=\"high\" decoding=\"async\" width=\"800\" height=\"414\" src=\"https:\/\/www.joanneum.at\/digital\/wp-content\/uploads\/sites\/3\/2024\/04\/DIGITAL_BV-Labor_Jakob-1024x530.jpg\" class=\"attachment-large size-large wp-image-17684\" alt=\"F\u00f6rderband mit Hyperspektalkameras zur Wertstoffsortierung\" srcset=\"https:\/\/www.joanneum.at\/digital\/wp-content\/uploads\/sites\/3\/2024\/04\/DIGITAL_BV-Labor_Jakob-1024x530.jpg 1024w, https:\/\/www.joanneum.at\/digital\/wp-content\/uploads\/sites\/3\/2024\/04\/DIGITAL_BV-Labor_Jakob-380x197.jpg 380w, https:\/\/www.joanneum.at\/digital\/wp-content\/uploads\/sites\/3\/2024\/04\/DIGITAL_BV-Labor_Jakob-768x397.jpg 768w, https:\/\/www.joanneum.at\/digital\/wp-content\/uploads\/sites\/3\/2024\/04\/DIGITAL_BV-Labor_Jakob-18x9.jpg 18w, https:\/\/www.joanneum.at\/digital\/wp-content\/uploads\/sites\/3\/2024\/04\/DIGITAL_BV-Labor_Jakob.jpg 1160w\" sizes=\"(max-width: 800px) 100vw, 800px\" \/>\t\t\t\t\t\t\t\t\t\t\t\t\t\t\t<\/div>\n\t\t\t\t<\/div>\n\t\t<!-- hidden container 17683-73f62387 -->\t\t<\/div>\n\t\t\t\t\t<\/div>\n\t\t\t\t<\/div>\n\t\t<div class=\"elementor-element elementor-element-56ead490 e-flex e-con-boxed e-con e-parent\" data-id=\"56ead490\" data-element_type=\"container\" data-e-type=\"container\">\n\t\t\t\t\t<div class=\"e-con-inner\">\n\t\t<div class=\"elementor-element elementor-element-1b37f00d e-con-full e-flex e-con e-child\" data-id=\"1b37f00d\" data-element_type=\"container\" data-e-type=\"container\">\n\t\t<div class=\"elementor-element elementor-element-4bb3ab70 e-con-full e-flex e-con e-child\" data-id=\"4bb3ab70\" data-element_type=\"container\" data-e-type=\"container\">\n\t\t\t\t<div class=\"elementor-element elementor-element-2a857907 elementor-widget elementor-widget-heading\" data-id=\"2a857907\" data-element_type=\"widget\" data-e-type=\"widget\" data-widget_type=\"heading.default\">\n\t\t\t\t<div class=\"elementor-widget-container\">\n\t\t\t\t\t<h2 class=\"elementor-heading-title elementor-size-default\">Materialcharakterisierung in der Kreislaufwirtschaft<\/h2>\t\t\t\t<\/div>\n\t\t\t\t<\/div>\n\t\t\t\t<div class=\"elementor-element elementor-element-146ee1b6 idl-unterseite-text elementor-widget elementor-widget-text-editor\" data-id=\"146ee1b6\" data-element_type=\"widget\" data-e-type=\"widget\" data-widget_type=\"text-editor.default\">\n\t\t\t\t<div class=\"elementor-widget-container\">\n\t\t\t\t\t\t\t\t\t<p>Die Gewinnung und Wiederverwertung von Wertstoffen aus verschiedensten Quellen wird immer wichtiger, um einerseits einen Beitrag zur Erreichung der globalen Klimaziele zu leisten und anderseits in Produktionsbetrieben kosteng\u00fcnstig und rasch auf Kundenanfragen reagieren zu k\u00f6nnen. Speziell bei Einsatz wiederverwerteter Rohstoffe ist es n\u00f6tig genaue Kenntnisse \u00fcber die Wertstoffqualit\u00e4t, d.h. \u00fcber die Zusammensetzung des Materialstroms, zu haben.<\/p><p>JOANNEUM RESEARCH DIGITAL hat einen Schwerpunkt zur Materialcharakterisierung in der Kreislaufwirtschaft aufgebaut und daf\u00fcr n\u00f6tige Grundlagen im <a href=\"https:\/\/www.joanneum.at\/digital\/Infrastruktur\/bildverarbeitungslabor\/\">Hyperspektrallabor<\/a> geschaffen. Sensorsysteme, die weit \u00fcber das menschliche Sehen hinausreichen, erm\u00f6glichen eine ber\u00fchrungslose Erfassung und nachfolgende Analyse der Wertstoffe. Die Charakterisierung erfolgt an allen Gliedern der Recyclingkette, z.B. in der Sortierung von Reststoffen oder zur Identifikation von St\u00f6rstoffen, aber auch als Eingangskontrolle zur Sicherstellung der n\u00f6tigen Rohstoffqualit\u00e4t f\u00fcr die Produktion um den Kreislauf zu schlie\u00dfen.<\/p><p>Das aktuell laufende Projektportfolio deckt dabei unterschiedliche Materialfraktionen, sowie Positionen im Kreislauf ab:<\/p><ul><li><a href=\"https:\/\/www.joanneum.at\/digital\/projekte\/inspecscrap\/\" target=\"_blank\" rel=\"noopener\">InSpecScrap<\/a>\u00a0(Zukunftsfonds Steiermark) hat eine Charakterisierung von Fremdstoffen im Stahlschrott als Eingangskontrolle f\u00fcr die Stahlerzeugung zum Thema<\/li><li><strong>StraTex<\/strong> (FFG-Call Kreislaufwirtschaft) analysiert Textilfasern hinsichtlich deren Zusammensetzung.<\/li><li><a href=\"https:\/\/projekte.ffg.at\/projekt\/4238670\" target=\"_blank\" rel=\"noopener\"><strong>circPLAST-mr<\/strong><\/a> (FFG-Call ENERGIE DER ZUKUNFT, Kreislaufwirtschaft) &#8211; Leitprojekt zum Thema Kunststoffrecycling<\/li><li><strong>KRAISBAU<\/strong> &#8211; Leitprojekt zum Thema Baureststoffe<\/li><li><strong>KI4ResOpt<\/strong> dient als Grundlage zur Forschung und Entwicklung der n\u00f6tigen Sensorik inkl. angepasster Beleuchtung und Sensorfusion, sowie der KI-basierten Analytik mittels moderner Deep Learning Architekturen und erkl\u00e4rbarer KI-Komponenten.<\/li><\/ul>\t\t\t\t\t\t\t\t<\/div>\n\t\t\t\t<\/div>\n\t\t\t\t<\/div>\n\t\t\t\t<\/div>\n\t\t\t\t\t<\/div>\n\t\t\t\t<\/div>\n\t\t<div class=\"elementor-element elementor-element-7e0062ce e-con-full li-no-short idl-gallery-pad-bot e-flex e-con e-parent\" data-id=\"7e0062ce\" data-element_type=\"container\" data-e-type=\"container\">\n\t\t\t\t<div class=\"elementor-element elementor-element-5f77315a li-controls idl-figcaption elementor-arrows-position-inside elementor-widget elementor-widget-image-carousel\" data-id=\"5f77315a\" data-element_type=\"widget\" data-e-type=\"widget\" data-settings=\"{&quot;slides_to_show&quot;:&quot;3&quot;,&quot;navigation&quot;:&quot;arrows&quot;,&quot;slides_to_scroll&quot;:&quot;3&quot;,&quot;autoplay&quot;:&quot;yes&quot;,&quot;pause_on_hover&quot;:&quot;yes&quot;,&quot;pause_on_interaction&quot;:&quot;yes&quot;,&quot;autoplay_speed&quot;:5000,&quot;infinite&quot;:&quot;yes&quot;,&quot;speed&quot;:500,&quot;image_spacing_custom&quot;:{&quot;unit&quot;:&quot;px&quot;,&quot;size&quot;:20,&quot;sizes&quot;:[]},&quot;image_spacing_custom_laptop&quot;:{&quot;unit&quot;:&quot;px&quot;,&quot;size&quot;:&quot;&quot;,&quot;sizes&quot;:[]},&quot;image_spacing_custom_tablet_extra&quot;:{&quot;unit&quot;:&quot;px&quot;,&quot;size&quot;:&quot;&quot;,&quot;sizes&quot;:[]},&quot;image_spacing_custom_tablet&quot;:{&quot;unit&quot;:&quot;px&quot;,&quot;size&quot;:&quot;&quot;,&quot;sizes&quot;:[]},&quot;image_spacing_custom_mobile&quot;:{&quot;unit&quot;:&quot;px&quot;,&quot;size&quot;:&quot;&quot;,&quot;sizes&quot;:[]}}\" data-widget_type=\"image-carousel.default\">\n\t\t\t\t<div class=\"elementor-widget-container\">\n\t\t\t\t\t\t\t<div class=\"elementor-image-carousel-wrapper swiper\" role=\"region\" aria-roledescription=\"carousel\" aria-label=\"Bild Karussell\" dir=\"ltr\">\n\t\t\t<div class=\"elementor-image-carousel swiper-wrapper\" aria-live=\"off\">\n\t\t\t\t\t\t\t\t<div class=\"swiper-slide\" role=\"group\" aria-roledescription=\"slide\" aria-label=\"1 von 11\"><a data-elementor-open-lightbox=\"yes\" data-elementor-lightbox-slideshow=\"5f77315a\" data-elementor-lightbox-title=\"AL5_0033_RIN_2\" data-e-action-hash=\"#elementor-action%3Aaction%3Dlightbox%26settings%3DeyJpZCI6IjE3Njk2IiwidXJsIjoiaHR0cHM6XC9cL3d3dy5qb2FubmV1bS5hdFwvZGlnaXRhbFwvd3AtY29udGVudFwvdXBsb2Fkc1wvc2l0ZXNcLzNcLzIwMjRcLzA0XC9BTDVfMDAzM19SSU5fMi5qcGciLCJzbGlkZXNob3ciOiI1Zjc3MzE1YSJ9\" href=\"https:\/\/www.joanneum.at\/digital\/wp-content\/uploads\/sites\/3\/2024\/04\/AL5_0033_RIN_2.jpg\"><figure class=\"swiper-slide-inner\"><img decoding=\"async\" class=\"swiper-slide-image\" src=\"https:\/\/www.joanneum.at\/digital\/wp-content\/uploads\/sites\/3\/2024\/04\/AL5_0033_RIN_2.jpg\" alt=\"AL5_0033_RIN_2\" \/><\/figure><\/a><\/div><div class=\"swiper-slide\" role=\"group\" aria-roledescription=\"slide\" aria-label=\"2 von 11\"><a data-elementor-open-lightbox=\"yes\" data-elementor-lightbox-slideshow=\"5f77315a\" data-elementor-lightbox-title=\"AL5_0052_RIN_2\" data-e-action-hash=\"#elementor-action%3Aaction%3Dlightbox%26settings%3DeyJpZCI6IjE3Njk3IiwidXJsIjoiaHR0cHM6XC9cL3d3dy5qb2FubmV1bS5hdFwvZGlnaXRhbFwvd3AtY29udGVudFwvdXBsb2Fkc1wvc2l0ZXNcLzNcLzIwMjRcLzA0XC9BTDVfMDA1Ml9SSU5fMi5qcGciLCJzbGlkZXNob3ciOiI1Zjc3MzE1YSJ9\" href=\"https:\/\/www.joanneum.at\/digital\/wp-content\/uploads\/sites\/3\/2024\/04\/AL5_0052_RIN_2.jpg\"><figure class=\"swiper-slide-inner\"><img decoding=\"async\" class=\"swiper-slide-image\" src=\"https:\/\/www.joanneum.at\/digital\/wp-content\/uploads\/sites\/3\/2024\/04\/AL5_0052_RIN_2.jpg\" alt=\"AL5_0052_RIN_2\" \/><\/figure><\/a><\/div><div class=\"swiper-slide\" role=\"group\" aria-roledescription=\"slide\" aria-label=\"3 von 11\"><a data-elementor-open-lightbox=\"yes\" data-elementor-lightbox-slideshow=\"5f77315a\" data-elementor-lightbox-title=\"AL5_0072_RIN_1\" data-e-action-hash=\"#elementor-action%3Aaction%3Dlightbox%26settings%3DeyJpZCI6IjE3Njk4IiwidXJsIjoiaHR0cHM6XC9cL3d3dy5qb2FubmV1bS5hdFwvZGlnaXRhbFwvd3AtY29udGVudFwvdXBsb2Fkc1wvc2l0ZXNcLzNcLzIwMjRcLzA0XC9BTDVfMDA3Ml9SSU5fMS5qcGciLCJzbGlkZXNob3ciOiI1Zjc3MzE1YSJ9\" href=\"https:\/\/www.joanneum.at\/digital\/wp-content\/uploads\/sites\/3\/2024\/04\/AL5_0072_RIN_1.jpg\"><figure class=\"swiper-slide-inner\"><img decoding=\"async\" class=\"swiper-slide-image\" src=\"https:\/\/www.joanneum.at\/digital\/wp-content\/uploads\/sites\/3\/2024\/04\/AL5_0072_RIN_1.jpg\" alt=\"AL5_0072_RIN_1\" \/><\/figure><\/a><\/div><div class=\"swiper-slide\" role=\"group\" aria-roledescription=\"slide\" aria-label=\"4 von 11\"><a data-elementor-open-lightbox=\"yes\" data-elementor-lightbox-slideshow=\"5f77315a\" data-elementor-lightbox-title=\"S23_1682_RIN\" data-e-action-hash=\"#elementor-action%3Aaction%3Dlightbox%26settings%3DeyJpZCI6IjE3NzA1IiwidXJsIjoiaHR0cHM6XC9cL3d3dy5qb2FubmV1bS5hdFwvZGlnaXRhbFwvd3AtY29udGVudFwvdXBsb2Fkc1wvc2l0ZXNcLzNcLzIwMjRcLzA0XC9TMjNfMTY4Ml9SSU4uanBnIiwic2xpZGVzaG93IjoiNWY3NzMxNWEifQ%3D%3D\" href=\"https:\/\/www.joanneum.at\/digital\/wp-content\/uploads\/sites\/3\/2024\/04\/S23_1682_RIN.jpg\"><figure class=\"swiper-slide-inner\"><img decoding=\"async\" class=\"swiper-slide-image\" src=\"https:\/\/www.joanneum.at\/digital\/wp-content\/uploads\/sites\/3\/2024\/04\/S23_1682_RIN.jpg\" alt=\"S23_1682_RIN\" \/><\/figure><\/a><\/div><div class=\"swiper-slide\" role=\"group\" aria-roledescription=\"slide\" aria-label=\"5 von 11\"><a data-elementor-open-lightbox=\"yes\" data-elementor-lightbox-slideshow=\"5f77315a\" data-elementor-lightbox-title=\"F24_4026_RIN_1\" data-e-action-hash=\"#elementor-action%3Aaction%3Dlightbox%26settings%3DeyJpZCI6IjE3Njk5IiwidXJsIjoiaHR0cHM6XC9cL3d3dy5qb2FubmV1bS5hdFwvZGlnaXRhbFwvd3AtY29udGVudFwvdXBsb2Fkc1wvc2l0ZXNcLzNcLzIwMjRcLzA0XC9GMjRfNDAyNl9SSU5fMS5qcGciLCJzbGlkZXNob3ciOiI1Zjc3MzE1YSJ9\" href=\"https:\/\/www.joanneum.at\/digital\/wp-content\/uploads\/sites\/3\/2024\/04\/F24_4026_RIN_1.jpg\"><figure class=\"swiper-slide-inner\"><img decoding=\"async\" class=\"swiper-slide-image\" src=\"https:\/\/www.joanneum.at\/digital\/wp-content\/uploads\/sites\/3\/2024\/04\/F24_4026_RIN_1.jpg\" alt=\"F24_4026_RIN_1\" \/><\/figure><\/a><\/div><div class=\"swiper-slide\" role=\"group\" aria-roledescription=\"slide\" aria-label=\"6 von 11\"><a data-elementor-open-lightbox=\"yes\" data-elementor-lightbox-slideshow=\"5f77315a\" data-elementor-lightbox-title=\"F24_4028_RIN\" data-e-action-hash=\"#elementor-action%3Aaction%3Dlightbox%26settings%3DeyJpZCI6IjE3NzAwIiwidXJsIjoiaHR0cHM6XC9cL3d3dy5qb2FubmV1bS5hdFwvZGlnaXRhbFwvd3AtY29udGVudFwvdXBsb2Fkc1wvc2l0ZXNcLzNcLzIwMjRcLzA0XC9GMjRfNDAyOF9SSU4uanBnIiwic2xpZGVzaG93IjoiNWY3NzMxNWEifQ%3D%3D\" href=\"https:\/\/www.joanneum.at\/digital\/wp-content\/uploads\/sites\/3\/2024\/04\/F24_4028_RIN.jpg\"><figure class=\"swiper-slide-inner\"><img decoding=\"async\" class=\"swiper-slide-image\" src=\"https:\/\/www.joanneum.at\/digital\/wp-content\/uploads\/sites\/3\/2024\/04\/F24_4028_RIN.jpg\" alt=\"F24_4028_RIN\" \/><\/figure><\/a><\/div><div class=\"swiper-slide\" role=\"group\" aria-roledescription=\"slide\" aria-label=\"7 von 11\"><a data-elementor-open-lightbox=\"yes\" data-elementor-lightbox-slideshow=\"5f77315a\" data-elementor-lightbox-title=\"F24_4031_RIN_1\" data-e-action-hash=\"#elementor-action%3Aaction%3Dlightbox%26settings%3DeyJpZCI6IjE3NzAxIiwidXJsIjoiaHR0cHM6XC9cL3d3dy5qb2FubmV1bS5hdFwvZGlnaXRhbFwvd3AtY29udGVudFwvdXBsb2Fkc1wvc2l0ZXNcLzNcLzIwMjRcLzA0XC9GMjRfNDAzMV9SSU5fMS5qcGciLCJzbGlkZXNob3ciOiI1Zjc3MzE1YSJ9\" href=\"https:\/\/www.joanneum.at\/digital\/wp-content\/uploads\/sites\/3\/2024\/04\/F24_4031_RIN_1.jpg\"><figure class=\"swiper-slide-inner\"><img decoding=\"async\" class=\"swiper-slide-image\" src=\"https:\/\/www.joanneum.at\/digital\/wp-content\/uploads\/sites\/3\/2024\/04\/F24_4031_RIN_1.jpg\" alt=\"F24_4031_RIN_1\" \/><\/figure><\/a><\/div><div class=\"swiper-slide\" role=\"group\" aria-roledescription=\"slide\" aria-label=\"8 von 11\"><a data-elementor-open-lightbox=\"yes\" data-elementor-lightbox-slideshow=\"5f77315a\" data-elementor-lightbox-title=\"S23_1706_RIN_1\" data-e-action-hash=\"#elementor-action%3Aaction%3Dlightbox%26settings%3DeyJpZCI6IjE3NzA2IiwidXJsIjoiaHR0cHM6XC9cL3d3dy5qb2FubmV1bS5hdFwvZGlnaXRhbFwvd3AtY29udGVudFwvdXBsb2Fkc1wvc2l0ZXNcLzNcLzIwMjRcLzA0XC9TMjNfMTcwNl9SSU5fMS5qcGciLCJzbGlkZXNob3ciOiI1Zjc3MzE1YSJ9\" href=\"https:\/\/www.joanneum.at\/digital\/wp-content\/uploads\/sites\/3\/2024\/04\/S23_1706_RIN_1.jpg\"><figure class=\"swiper-slide-inner\"><img decoding=\"async\" class=\"swiper-slide-image\" src=\"https:\/\/www.joanneum.at\/digital\/wp-content\/uploads\/sites\/3\/2024\/04\/S23_1706_RIN_1.jpg\" alt=\"S23_1706_RIN_1\" \/><\/figure><\/a><\/div><div class=\"swiper-slide\" role=\"group\" aria-roledescription=\"slide\" aria-label=\"9 von 11\"><a data-elementor-open-lightbox=\"yes\" data-elementor-lightbox-slideshow=\"5f77315a\" data-elementor-lightbox-title=\"F24_4048_RIN_1\" data-e-action-hash=\"#elementor-action%3Aaction%3Dlightbox%26settings%3DeyJpZCI6IjE3NzAyIiwidXJsIjoiaHR0cHM6XC9cL3d3dy5qb2FubmV1bS5hdFwvZGlnaXRhbFwvd3AtY29udGVudFwvdXBsb2Fkc1wvc2l0ZXNcLzNcLzIwMjRcLzA0XC9GMjRfNDA0OF9SSU5fMS5qcGciLCJzbGlkZXNob3ciOiI1Zjc3MzE1YSJ9\" href=\"https:\/\/www.joanneum.at\/digital\/wp-content\/uploads\/sites\/3\/2024\/04\/F24_4048_RIN_1.jpg\"><figure class=\"swiper-slide-inner\"><img decoding=\"async\" class=\"swiper-slide-image\" src=\"https:\/\/www.joanneum.at\/digital\/wp-content\/uploads\/sites\/3\/2024\/04\/F24_4048_RIN_1.jpg\" alt=\"F24_4048_RIN_1\" \/><\/figure><\/a><\/div><div class=\"swiper-slide\" role=\"group\" aria-roledescription=\"slide\" aria-label=\"10 von 11\"><a data-elementor-open-lightbox=\"yes\" data-elementor-lightbox-slideshow=\"5f77315a\" data-elementor-lightbox-title=\"S23_1635_RIN_1\" data-e-action-hash=\"#elementor-action%3Aaction%3Dlightbox%26settings%3DeyJpZCI6IjE3NzAzIiwidXJsIjoiaHR0cHM6XC9cL3d3dy5qb2FubmV1bS5hdFwvZGlnaXRhbFwvd3AtY29udGVudFwvdXBsb2Fkc1wvc2l0ZXNcLzNcLzIwMjRcLzA0XC9TMjNfMTYzNV9SSU5fMS5qcGciLCJzbGlkZXNob3ciOiI1Zjc3MzE1YSJ9\" href=\"https:\/\/www.joanneum.at\/digital\/wp-content\/uploads\/sites\/3\/2024\/04\/S23_1635_RIN_1.jpg\"><figure class=\"swiper-slide-inner\"><img decoding=\"async\" class=\"swiper-slide-image\" src=\"https:\/\/www.joanneum.at\/digital\/wp-content\/uploads\/sites\/3\/2024\/04\/S23_1635_RIN_1.jpg\" alt=\"S23_1635_RIN_1\" \/><\/figure><\/a><\/div><div class=\"swiper-slide\" role=\"group\" aria-roledescription=\"slide\" aria-label=\"11 von 11\"><a data-elementor-open-lightbox=\"yes\" data-elementor-lightbox-slideshow=\"5f77315a\" data-elementor-lightbox-title=\"S23_1643_RIN_1\" data-e-action-hash=\"#elementor-action%3Aaction%3Dlightbox%26settings%3DeyJpZCI6IjE3NzA0IiwidXJsIjoiaHR0cHM6XC9cL3d3dy5qb2FubmV1bS5hdFwvZGlnaXRhbFwvd3AtY29udGVudFwvdXBsb2Fkc1wvc2l0ZXNcLzNcLzIwMjRcLzA0XC9TMjNfMTY0M19SSU5fMS5qcGciLCJzbGlkZXNob3ciOiI1Zjc3MzE1YSJ9\" href=\"https:\/\/www.joanneum.at\/digital\/wp-content\/uploads\/sites\/3\/2024\/04\/S23_1643_RIN_1.jpg\"><figure class=\"swiper-slide-inner\"><img decoding=\"async\" class=\"swiper-slide-image\" src=\"https:\/\/www.joanneum.at\/digital\/wp-content\/uploads\/sites\/3\/2024\/04\/S23_1643_RIN_1.jpg\" alt=\"S23_1643_RIN_1\" \/><\/figure><\/a><\/div>\t\t\t<\/div>\n\t\t\t\t\t\t\t\t\t\t\t\t<div class=\"elementor-swiper-button elementor-swiper-button-prev\" role=\"button\" tabindex=\"0\">\n\t\t\t\t\t\t<svg xmlns=\"http:\/\/www.w3.org\/2000\/svg\" id=\"Ebene_1\" width=\"176.5032\" height=\"316.7049\" viewBox=\"0 0 176.5032 316.7049\"><defs><style>.cls-1{stroke-width:0px;}<\/style><\/defs><polygon class=\"cls-1\" points=\"157.114 .0003 174.0261 16.9125 33.8239 157.1146 176.5036 299.7933 159.5915 316.7054 -.0003 157.1146 157.114 .0003\"><\/polygon><\/svg>\t\t\t\t\t<\/div>\n\t\t\t\t\t<div class=\"elementor-swiper-button elementor-swiper-button-next\" role=\"button\" tabindex=\"0\">\n\t\t\t\t\t\t<svg xmlns=\"http:\/\/www.w3.org\/2000\/svg\" id=\"Ebene_1\" width=\"176.5032\" height=\"316.7049\" viewBox=\"0 0 176.5032 316.7049\"><defs><style>.cls-1{stroke-width:0px;}<\/style><\/defs><polygon class=\"cls-1\" points=\"19.3894 316.7054 2.4773 299.7933 142.6794 159.5912 -.0003 16.9125 16.9118 .0003 176.5036 159.5912 19.3894 316.7054\"><\/polygon><\/svg>\t\t\t\t\t<\/div>\n\t\t\t\t\n\t\t\t\t\t\t\t\t\t<\/div>\n\t\t\t\t\t\t<\/div>\n\t\t\t\t<\/div>\n\t\t\t\t<\/div>\n\t\t<div class=\"elementor-element elementor-element-1e076410 idl-ap-wr e-flex e-con-boxed e-con e-parent\" data-id=\"1e076410\" data-element_type=\"container\" data-e-type=\"container\" data-settings=\"{&quot;background_background&quot;:&quot;classic&quot;}\">\n\t\t\t\t\t<div class=\"e-con-inner\">\n\t\t<div class=\"elementor-element elementor-element-659477b4 e-con-full e-flex e-con e-child\" data-id=\"659477b4\" data-element_type=\"container\" data-e-type=\"container\" data-settings=\"{&quot;background_background&quot;:&quot;classic&quot;}\">\n\t\t\t\t<div class=\"elementor-element elementor-element-5244a120 elementor-widget elementor-widget-image\" data-id=\"5244a120\" data-element_type=\"widget\" data-e-type=\"widget\" data-widget_type=\"image.default\">\n\t\t\t\t<div class=\"elementor-widget-container\">\n\t\t\t\t\t\t\t\t\t\t\t\t\t\t\t<img decoding=\"async\" width=\"657\" height=\"657\" src=\"https:\/\/www.joanneum.at\/digital\/wp-content\/uploads\/sites\/3\/2024\/04\/Harald_Ganster-13Cut.jpg\" class=\"attachment-large size-large wp-image-17142\" alt=\"\" srcset=\"https:\/\/www.joanneum.at\/digital\/wp-content\/uploads\/sites\/3\/2024\/04\/Harald_Ganster-13Cut.jpg 657w, https:\/\/www.joanneum.at\/digital\/wp-content\/uploads\/sites\/3\/2024\/04\/Harald_Ganster-13Cut-380x380.jpg 380w, https:\/\/www.joanneum.at\/digital\/wp-content\/uploads\/sites\/3\/2024\/04\/Harald_Ganster-13Cut-150x150.jpg 150w, https:\/\/www.joanneum.at\/digital\/wp-content\/uploads\/sites\/3\/2024\/04\/Harald_Ganster-13Cut-12x12.jpg 12w\" sizes=\"(max-width: 657px) 100vw, 657px\" \/>\t\t\t\t\t\t\t\t\t\t\t\t\t\t\t<\/div>\n\t\t\t\t<\/div>\n\t\t\t\t<div class=\"elementor-element elementor-element-708d2564 elementor-widget elementor-widget-heading\" data-id=\"708d2564\" data-element_type=\"widget\" data-e-type=\"widget\" data-widget_type=\"heading.default\">\n\t\t\t\t<div class=\"elementor-widget-container\">\n\t\t\t\t\t<div class=\"elementor-heading-title elementor-size-default\">KI-basierte Wertstoffanalyse<\/div>\t\t\t\t<\/div>\n\t\t\t\t<\/div>\n\t\t\t\t<div class=\"elementor-element elementor-element-16684ae0 elementor-widget elementor-widget-heading\" data-id=\"16684ae0\" data-element_type=\"widget\" data-e-type=\"widget\" data-widget_type=\"heading.default\">\n\t\t\t\t<div class=\"elementor-widget-container\">\n\t\t\t\t\t<h2 class=\"elementor-heading-title elementor-size-default\">Ihre Ansprechperson<\/h2>\t\t\t\t<\/div>\n\t\t\t\t<\/div>\n\t\t<div class=\"elementor-element elementor-element-5ed3aa5a e-con-full e-flex e-con e-child\" data-id=\"5ed3aa5a\" data-element_type=\"container\" data-e-type=\"container\">\n\t\t\t\t<div class=\"elementor-element elementor-element-69562cca elementor-widget elementor-widget-heading\" data-id=\"69562cca\" data-element_type=\"widget\" data-e-type=\"widget\" data-widget_type=\"heading.default\">\n\t\t\t\t<div class=\"elementor-widget-container\">\n\t\t\t\t\t<div class=\"elementor-heading-title elementor-size-default\">DI Dr. Harald Ganster<\/div>\t\t\t\t<\/div>\n\t\t\t\t<\/div>\n\t\t\t\t<div class=\"elementor-element elementor-element-1d06f1ad elementor-widget elementor-widget-heading\" data-id=\"1d06f1ad\" data-element_type=\"widget\" data-e-type=\"widget\" data-widget_type=\"heading.default\">\n\t\t\t\t<div class=\"elementor-widget-container\">\n\t\t\t\t\t<div class=\"elementor-heading-title elementor-size-default\"><a href=\"tel:+43%20316%20876-5000\">+43 316 876-1702\n<\/a><\/div>\t\t\t\t<\/div>\n\t\t\t\t<\/div>\n\t\t\t\t<div class=\"elementor-element elementor-element-67e9086c elementor-widget elementor-widget-heading\" data-id=\"67e9086c\" data-element_type=\"widget\" data-e-type=\"widget\" data-widget_type=\"heading.default\">\n\t\t\t\t<div class=\"elementor-widget-container\">\n\t\t\t\t\t<div class=\"elementor-heading-title elementor-size-default\"><a href=\"mailto:harald.ganster@joanneum.at\">Harald.Ganster@joanneum.at\n<\/a><\/div>\t\t\t\t<\/div>\n\t\t\t\t<\/div>\n\t\t\t\t<\/div>\n\t\t\t\t<\/div>\n\t\t\t\t\t<\/div>\n\t\t\t\t<\/div>\n\t\t\t\t<\/div>\n\t\t","protected":false},"excerpt":{"rendered":"<p>KI-basierte Wertstoffanalytik f\u00fcr die Kreislaufwirtschaft Hochqualitative Rohstoffe f\u00fcr die nachhaltige Produktion mittels Hyperspektralsensorik und maschinellem Lernen. Materialcharakterisierung in der Kreislaufwirtschaft Die Gewinnung und Wiederverwertung von Wertstoffen aus verschiedensten Quellen wird immer wichtiger, um einerseits einen Beitrag zur Erreichung der globalen Klimaziele zu leisten und anderseits in Produktionsbetrieben kosteng\u00fcnstig und rasch auf Kundenanfragen reagieren zu k\u00f6nnen. [&hellip;]<\/p>\n","protected":false},"author":30,"featured_media":0,"parent":0,"menu_order":0,"comment_status":"closed","ping_status":"closed","template":"","meta":{"_acf_changed":false,"footnotes":""},"class_list":["post-17683","page","type-page","status-publish","hentry"],"acf":[],"_links":{"self":[{"href":"https:\/\/www.joanneum.at\/digital\/wp-json\/wp\/v2\/pages\/17683","targetHints":{"allow":["GET"]}}],"collection":[{"href":"https:\/\/www.joanneum.at\/digital\/wp-json\/wp\/v2\/pages"}],"about":[{"href":"https:\/\/www.joanneum.at\/digital\/wp-json\/wp\/v2\/types\/page"}],"author":[{"embeddable":true,"href":"https:\/\/www.joanneum.at\/digital\/wp-json\/wp\/v2\/users\/30"}],"replies":[{"embeddable":true,"href":"https:\/\/www.joanneum.at\/digital\/wp-json\/wp\/v2\/comments?post=17683"}],"version-history":[{"count":8,"href":"https:\/\/www.joanneum.at\/digital\/wp-json\/wp\/v2\/pages\/17683\/revisions"}],"predecessor-version":[{"id":18407,"href":"https:\/\/www.joanneum.at\/digital\/wp-json\/wp\/v2\/pages\/17683\/revisions\/18407"}],"wp:attachment":[{"href":"https:\/\/www.joanneum.at\/digital\/wp-json\/wp\/v2\/media?parent=17683"}],"curies":[{"name":"wp","href":"https:\/\/api.w.org\/{rel}","templated":true}]}}